090?
5
What is the tens digit of 2327696636?
3
What is the hundred thousands digit of 1850667105?
6
What is the ten thousands digit of 124683583?
8
What is the ten thousands digit of 10531755?
3
What is the ten thousands digit of 992689?
9
What is the thousands digit of 61330097?
0
What is the units digit of 73820794?
4
What is the tens digit of 721093960?
6
What is the hundred millions digit of 357101523?
3
What is the hundreds digit of 55443994?
9
What is the ten millions digit of 4085934143?
8
What is the tens digit of 50376187?
8
What is the hundred thousands digit of 1412034227?
0
What is the millions digit of 270666927?
0
What is the hundreds digit of 29213130?
1
What is the ten millions digit of 39758093?
3
What is the hundred thousands digit of 266854897?
8
What is the ten millions digit of 62956435?
6
What is the hundred millions digit of 346964015?
3
What is the ten millions digit of 2884404193?
8
What is the units digit of 5266978699?
9
What is the hundreds digit of 36871326?
3
What is the ten thousands digit of 35291019?
9
What is the thousands digit of 485886601?
6
What is the units digit of 3113985?
5
What is the millions digit of 138950397?
8
What is the millions digit of 8377991?
8
What is the hundreds digit of 7820661371?
3
What is the millions digit of 98185748?
8
What is the millions digit of 5534908142?
4
What is the tens digit of 1147208990?
9
What is the hundreds digit of 5736890?
8
What is the millions digit of 17363829?
7
What is the millions digit of 1260718671?
0
What is the hundreds digit of 189127150?
1
What is the millions digit of 21761884?
1
What is the ten millions digit of 1064351232?
6
What is the hundred thousands digit of 462367425?
3
What is the ten millions digit of 123501486?
2
What is the tens digit of 1363427110?
1
What is the units digit of 1254302288?
8
What is the ten millions digit of 75580693?
7
What is the hundred thousands digit of 542834994?
8
What is the hundreds digit of 81348531?
5
What is the hundred thousands digit of 715345631?
3
What is the ten millions digit of 764755694?
6
What is the units digit of 109135755?
5
What is the tens digit of 76839545?
4
What is the hundred millions digit of 4358917782?
3
What is the ten millions digit of 70888749?
7
What is the tens digit of 95139113?
1
What is the hundred thousands digit of 68273849?
2
What is the millions digit of 215355986?
5
What is the hundreds digit of 272355876?
8
What is the tens digit of 13411795?
9
What is the units digit of 384562935?
5
What is the hundred millions digit of 210219426?
2
What is the thousands digit of 24369851?
9
What is the hundreds digit of 2233112610?
6
What is the hundreds digit of 1551111179?
1
What is the ten thousands digit of 130766692?
6
What is the millions digit of 221017913?
1
What is the tens digit of 559991156?
5
What is the hundred millions digit of 237315850?
2
What is the millions digit of 269796354?
9
What is the hundred millions digit of 535132776?
5
What is the ten thousands digit of 869429746?
2
What is the ten thousands digit of 163277456?
7
What is the ten millions digit of 227844080?
2
What is the units digit of 966565466?
6
What is the ten millions digit of 2282703440?
8
What is the units digit of 935753940?
0
What is the ten millions digit of 52363635?
5
What is the tens digit of 478362372?
7
What is the ten thousands digit of 365980182?
8
What is the ten thousands digit of 238168256?
6
What is the ten millions digit of 106703990?
0
What is the ten thousands digit of 5091961265?
6
What is the hundreds digit of 505230336?
3
What is the ten thousands digit of 131789673?
8
What is the hundred millions digit of 175517616?
1
What is the units digit of 2692700858?
8
What is the tens digit of 291957066?
6
What is the hundred millions digit of 109638912?
1
What is the hundreds digit of 18868431?
4
What is the tens digit of 442255570?
7
What is the ten thousands digit of 28493122?
9
What is the hundred millions digit of 1941322601?
9
What is the thousands digit of 500259193?
9
What is the ten millions digit of 415728465?
1
What is the units digit of 2388649780?
0
What is the millions digit of 3215091381?
5
What is the thousands digit of 51955266?
5
What is the tens digit of 201050632?
3
What is the tens digit of 83100947?
4
What is the hundreds digit of 108487758?
7
What is the millions digit of 373551960?
3
What is the hundred thousands digit of 79930429?
9
What is the tens digit of 72009356?
5
What is the hundred millions digit of 110009347?
1
What is the hundred thousands digit of 14067636?
0
What is the millions digit of 116179522?
6
What is the ten thousands digit of 14948943?
4
What is the thousands digit of 14848901?
8
What is the hundred millions digit of 577073227?
5
What is the hundreds digit of 133489559?
5
What is the hundred millions digit of 450424543?
4
What is the ten thousands digit of 15444260?
4
What is the millions digit of 5824537258?
4
What is the hundreds digit of 892739270?
2
What is the units digit of 2163909775?
5
What is the ten millions digit of 33149460?
3
What is the units digit of 2681622692?
2
What is the ten millions digit of 260803710?
6
What is the hundreds digit of 58833026?
0
What is the millions digit of 61942642?
1
What is the hundreds digit of 183330066?
0
What is the thousands digit of 46567090?
7
What is the hundreds digit of 96350760?
7
What is the hundreds digit of 36701320?
3
What is the hundreds digit of 1682636204?
2
What is the millions digit of 81007249?
1
What is the hundred thousands digit of 729602772?
6
What is the ten thousands digit of 160176597?
7
What is the hundreds digit of 81618525?
5
What is the hundred millions digit of 1402181599?
4
What is the thousands digit of 651109335?
9
What is the ten thousands digit of 88810035?
1
What is the units digit of 113684374?
4
What is the hundred thousands digit of 1025445721?
4
What is the millions digit of 45956539?
5
What is the hundreds digit of 105846140?
1
What is the tens digit of 31884170?
7
What is the tens digit of 729853485?
8
What is the ten thousands digit of 76710197?
1
What is the thousands digit of 4508591527?
1
What is the hundred millions digit of 158733920?
1
What is the ten thousands digit of 115734692?
3
What is the millions digit of 37926878?
7
What is the ten thousands digit of 379053880?
5
What is the billions digit of 1444027130?
1
What is the thousands digit of 768745115?
5
What is the ten millions digit of 121499992?
2
What is the thousands digit of 55227949?
7
What is the ten thousands digit of 3705254115?
5
What is the hundred millions digit of 640557510?
6
What is the ten thousands digit of 2790648012?
4
What is the thousands digit of 82111775?
1
What is the hundred thousands digit of 111756946?
7
What is the thousands digit of 61057752?
7
What is the hundreds digit of 399162909?
9
What is the thousands digit of 173117458?
7
What is the ten thousands digit of 57369794?
6
What is the hundred millions digit of 1263900100?
2
What is the hundreds digit of 2160508330?
3
What is the ten thousands digit of 66219573?
1
What is the tens digit of 87677209?
0
What is the thousands digit of 248499586?
9
What is the units digit of 120326298?
8
What is the thousands digit of 1215044778?
4
What is the units digit of 347196000?
0
What is the hundred millions digit of 956975064?
9
What is the ten millions digit of 272544144?
7
What is the hundreds digit of 35867662?
6
What is the tens digit of 3818870?
7
What is the hundred thousands digit of 606290275?
2
What is the hundreds digit of 1036374888?
8
What is the hundred thousands digit of 2519462045?
4
What is the hundreds digit of 3012492798?
7
What is the hundreds digit of 110229043?
0
What is the ten thousands digit of 1836989527?
8
What is the thousands digit of 231068776?
8
What is the tens digit of 271393186?
8
What is the ten thousands digit of 1203421504?
2
What is the millions digit of 886796910?
6
What is the hundred thousands digit of 648053892?
0
What is the ten thousands digit of 1332183862?
8
What is the units digit of 212730443?
3
What is the tens digit of 91645548?
4
What is the units digit of 592043286?
6
What is the ten millions digit of 811452602?
1
What is the billions digit of 6398956729?
6
What is the hundreds dig